 Calculate the highest common divisor of 32 and a.
8
Suppose 3*o = -5*z + 142, z = 2*o + 6*z - 88. Suppose -o = -3*x + 78. What is the highest common factor of x and 11?
11
Let n = -859 + 916. Calculate the highest common divisor of n and 152.
19
Suppose -q + 3*q = -82. Let l = q - -46. What is the greatest common factor of l and 2?
1
Suppose -10*r + 5*r = -40. What is the highest common divisor of r and 40?
8
Suppose -10*y = -6*y + 92. Let p = y - -176. Suppose -p = g - 4*g. Calculate the greatest common divisor of 34 and g.
17
Suppose u + 30 = -9*u. Let g be ((-2)/u)/(1*4/30). Suppose 5*m - 104 = 121. What is the greatest common divisor of g and m?
5
Suppose l + 186 = 4*l + 4*r, 62 = l - 2*r. Suppose -3*o + l = p - 29, 2*o - 57 = 3*p. Calculate the greatest common divisor of 60 and o.
30
Let q = 926 + -874. Calculate the greatest common factor of 572 and q.
52
Let d(j) = j**3 - 8*j**2 - 7*j + 2. Let k be d(10). Let w = k + -2. Calculate the highest common divisor of 52 and w.
26
Let r(l) = -l**2 - l + 3. Let s be r(0). Suppose 4*b = -s*o + 75, -6*b = -2*b - 12. Suppose -3*v + o = -15. What is the highest common divisor of 8 and v?
4
Suppose 16 = -13*m + 68. Let p = -5 - -9. What is the highest common divisor of p and m?
4
Let a = -295 - -379. Calculate the greatest common factor of 140 and a.
28
Let f(b) = -4*b + 26. Let d be f(6). Suppose 45 = d*t + 5*u + 4, 2*t - 35 = u. What is the greatest common factor of t and 12?
6
Let y be 6/2 - (-5 + 2). Suppose l - 3 = -t, 2*l - 6*l - 2*t = -y. Let x be 20 + 0 + l - -4. What is the highest common factor of 6 and x?
6
Suppose 0 = t - f - 4*f - 123, -3*f + 377 = 4*t. Let k = 110 - t. What is the highest common factor of k and 4?
4
Let p be ((-7)/(-2) + -3)*110. Let w be (p/(-20))/((-1)/20). Let v(m) = -m**2 - 6*m + 6. Let d be v(-5). What is the highest common factor of d and w?
11
Suppose -5 = -3*t + 4. Suppose s + t - 17 = 4*b, 2*s = -5*b + 15. Calculate the highest common divisor of s and 140.
10
Let n(r) = 3*r - 16. Let t be ((-36)/(-10))/(18/60). Let w be n(t). Let p(a) = 6*a - 10. Let l be p(10). Calculate the greatest common factor of l and w.
10
Suppose 4*b = i + 16, 2 = 4*b - 3*b. Let p be ((-35)/4 + 6)/(2/i). Calculate the greatest common factor of 297 and p.
11
Let h(u) = -u**3 - 7*u**2 + 8*u - 7. Let c be h(-8). Let r be 244/(-28) + 2/c. Let d = r - -12. What is the greatest common factor of d and 33?
3
Let u = 72 - 0. Suppose 5*w = 9*w - u. Calculate the greatest common divisor of 27 and w.
9
Let y(t) = t**3 - 7*t**2 + 3*t + 10. Let x be y(6). Let c = -5 - x. Suppose 4*g = -2*k + 1 + 5, -3*g - k = -6. What is the highest common divisor of g and c?
3
Let g be (-4)/(-4)*(1 - -43). Suppose -5*k - 5*n + 1120 = 0, -4*k - 3*n - 2*n = -900. What is the greatest common factor of g and k?
44
Let p(f) = -21*f - 29. Let c be p(-4). What is the highest common divisor of c and 11?
11
Suppose 4*t + 72 = l + t, 3*l - 286 = -5*t. What is the greatest common factor of l and 203?
29
Suppose -a - 16 + 22 = 0. Suppose 0 = -a*b + 2*b - 52. Let o = -11 - b. What is the greatest common divisor of o and 18?
2
Let b(k) = k**3 - 3*k**2 - 5*k. Let i be b(5). Calculate the greatest common divisor of i and 10.
5
Suppose 0 = 6*r - 11*r + 35. Suppose 9*s - r*s - 44 = 0. What is the highest common divisor of s and 220?
22
Let c be (-1630)/(-45) - 3/(-27)*-2. Let x = -46 + 70. What is the greatest common divisor of x and c?
12
Let p be (-77)/1 - (1 + (-4 - -1)). Let i = p + 77. Calculate the greatest common factor of i and 8.
2
Suppose -2*k + 3*r = k - 12, 8 = 3*k - 2*r. Suppose k = 2*x - 6*x + 96. Suppose 5*d = 3*d + x. What is the greatest common divisor of 12 and d?
12
Suppose 0 = 3*t - 9, v - 4*t + 2 = 7. What is the greatest common divisor of 9 and v?
1
Let n = 1085 - 373. What is the highest common divisor of 8 and n?
8
Let i be (-414)/(-36) - 10 - 31/(-2). Suppose 0 = -2*t - 2*f + 24, -5*f = -4*t - 21 + 114. What is the highest common factor of t and i?
17
Suppose 4*x = -5*v + 25, -v - 16 = -5*v - 4*x. What is the greatest common factor of 171 and v?
9
Let j(t) = -t**3 + 7*t**2 - 10*t + 28. Let h be j(4). Calculate the highest common divisor of h and 708.
12
Let p be -5*1*(-36)/30. Let f be ((-1335)/4)/(-5) - (-15)/(-20). Calculate the greatest common divisor of p and f.
6
Let r(g) = 15*g**2 - 10*g + 19. Let v be r(3). What is the greatest common divisor of v and 186?
62
Let q be 12036/28 + -1*3/(-21). What is the greatest common factor of 43 and q?
43
Let o be (-2182)/(-18) - 6/27. Let i(w) = 4*w**2 + 6*w + 6. Let j be i(-3). Suppose -j*v = -29*v + 55. What is the greatest common factor of v and o?
11
Let g = -51 + 55. Let m be (g/6)/(2/345). Calculate the greatest common divisor of 46 and m.
23
Let s = -81 + 83. Suppose -7*r = s*r - 540. What is the greatest common factor of r and 20?
20
Suppose -5*i + 0*i - 159 = -2*c, -i = -3. What is the greatest common divisor of 290 and c?
29
Suppose -5*a + 15 + 30 = 0. Suppose 0 = -3*v + 208 + 89. What is the greatest common factor of v and a?
9
Suppose 0 = -3*w - 0*n + 2*n - 25, -5*n + 45 = -4*w. Let q be ((-5)/(-3))/(w/(-15)). Calculate the highest common divisor of 10 and q.
5
Let r(k) = 26*k**3 - k**2 + 5*k - 4. Let h be r(2). Calculate the greatest common factor of 54 and h.
6
Let g(a) = a**3 + 5*a - 2. Let i be g(3). Let x be 1/(-5)*-6*(-70)/(-21). Let d be (30/(-2))/((-1)/x). Calculate the highest common divisor of d and i.
20
Suppose 3*o = -2*t + 399, 2*o + 25 = 5*t + 310. Calculate the highest common divisor of 15 and o.
15
Suppose -z - 3 = 1. Let l = z + 12. Let r be (-644)/(-10) + 4/(-10). What is the greatest common factor of r and l?
8
Let t = 67 - 35. Let r be (-6)/(-16) - ((-10668)/t)/7. Calculate the greatest common factor of 3 and r.
3
Let a(z) be the first derivative of z**2/2 - z + 9. Let n be a(5). Calculate the greatest common factor of n and 28.
4
Let q = 10 + 6. Let v = q + 9. Calculate the highest common divisor of v and 5.
5
Let k be (-4)/(-12)*-3 - -128. Suppose 5*d - t - k = 16, -t = -2*d + 59. What is the greatest common factor of 70 and d?
14
Let h be (225*16/64)/(2/8). What is the highest common divisor of 9 and h?
9
Suppose 16 = -4*j, -k = -0*k + 2*j + 10. Let p be 58/(k/(-1)) - 1. Let h = -77 + 84. Calculate the highest common divisor of p and h.
7
Let z = -232 - -244. Calculate the highest common divisor of 72 and z.
12
Let r = 0 - -1. Suppose -2*o - r = -3*f, 2*f + o - 4*o + 6 = 0. Suppose 0 = f*y + 4*d - 21, -y + 3*y = 2*d. Calculate the greatest common factor of 12 and y.
3
Let k = 8106 + -4952. What is the highest common factor of k and 166?
166
Let j = 339 + 249. Suppose -168 = -3*k + j. What is the greatest common divisor of 36 and k?
36
Let c be (-2)/(-33) - 174529/(-1221). Calculate the greatest common factor of 88 and c.
11
Let p(k) = k**2 - 15*k + 4. Let u be p(18). Let x = u + 14. Calculate the greatest common divisor of x and 9.
9
Suppose -20 = 3*k + 22. Let q(n) = n**3 + 15*n**2 + 19*n - 18. Let u be q(k). Let w be (1 + (-28)/16)*u. What is the highest common factor of 22 and w?
22
Let p be 118/12 - 6/(-36). Suppose 22*j = 21*j + p. What is the greatest common factor of 4 and j?
2
Suppose i + 4*q - 23 = 0, 4*i = 5*q - 2*q - 3. Suppose 3*x = i*o - 18, -5*o = -4*x - 20 - 10. Calculate the greatest common factor of o and 66.
6
Suppose 4*a = 2*x + 2*x - 16, -20 = -5*x + 2*a. Suppose -4*f + 3*v = -0*v - 113, 0 = -3*f - 2*v + 106. What is the highest common divisor of f and x?
4
Suppose l = -2*n + 48 - 12, -2*l = 5*n - 88. Let a(o) = -o + 7. Let v be a(5). What is the greatest common divisor of n and v?
2
Let i(t) = -15*t + 1. Suppose 3*x + 58 = 3*l - 8, 5*x = l - 30. Suppose 3*c = -l + 17. Let d be i(c). Calculate the highest common divisor of 176 and d.
16
Suppose 4*l - 16 = 3*a - 4*a, 20 = 2*a - 4*l. Let m(s) = -s**2 + 14*s + 4. Let z be m(a). What is the highest common factor of 14 and z?
14
Let k be -6*6/(-9)*(-1)/(-2). Suppose -k*i - 3*b = -90, 2*i - 10 = 2*b + 90. Calculate the greatest common factor of i and 36.
12
Let s = -100 - -114. Calculate the highest common divisor of s and 427.
7
Suppose 0 = -0*a - 2*a + 182. Let y(q) = 12*q**2 - 2*q - 1. Let j be y(-1). What is the highest common divisor of j and a?
13
Let l be